/6 + 11*x**3/6 - 7*x**2. Is g(-5) a prime number?
False
Let t(i) = i**2 + i + 1. Let y be t(2). Let h = y + -4. Suppose 2*l + h*m - 186 = -l, -5*m - 221 = -4*l. Is l a prime number?
True
Let o(h) = -145*h**2 - 1. Let x be o(-2). Let s = x - -1776. Is s prime?
False
Suppose 36*w - 22*w = 510538. Is w a composite number?
False
Let u(n) = 18*n + 15. Let a be (-35)/(-3) + 3/9. Let y be u(a). Let w = 20 + y. Is w a composite number?
False
Let g(f) = -400*f - 9. Is g(-37) a composite number?
True
Let j(y) = y**3 + 8*y**2 + 4*y + 6. Let a be j(-6). Let w(o) = 11 - 28*o - a*o + 9*o + 4*o. Is w(-12) a prime number?
True
Let t(o) = -o**3 + 3*o**2 - o. Let r be t(3). Let u(c) = -c**2 - 39*c - 222. Let f be u(-26). Let k = f - r. Is k a composite number?
True
Suppose 0 = 5*m - 13 - 7. Suppose 0 = i + 2*c - 10, -i + m*c - 24 = -4*i. Is i - (4 + -115 + 4) composite?
True
Let g(h) = 53*h - 286. Is g(13) a composite number?
True
Suppose -l + 68 = -30. Let b(r) = 19*r - 254. Let k be b(25). Let v = k + l. Is v a prime number?
False
Let n(u) = -u**3 - 12*u**2 - 10*u + 13. Let t be n(-11). Let v be 248 - (9 - 4 - 4). Suppose 833 = t*d + v. Is d a prime number?
True
Let s(i) = -50*i + 1. Let j(d) = -d - 11. Let n be j(-2). Is s(n) prime?
False
Let x = 3 - 0. Let a(s) = 0 + 23*s**2 + x - 5*s - 8*s**2. Is a(4) a prime number?
True
Suppose -2*t = -117 - 305. Suppose 4 = -z - 3*w - 4, 4*w = -4*z - 16. Is (t*-2)/z + 0 a prime number?
True
Let c(o) = 19*o**2 - 4*o + 9. Let t(q) = 18*q**2 - 5*q + 9. Let w(g) = 5*c(g) - 4*t(g). Is w(-8) composite?
False
Let b(r) be the first derivative of -54*r**2 - r + 15. Let y be (6/7)/(1/(-7)). Is b(y) a prime number?
True
Let w(o) = o**3 + 25*o**2 - o - 24. Let f be w(-25). Let b(s) = 160*s**3 - s**2. Is b(f) composite?
True
Let l(p) = 10 - 112*p - 51*p - 21. Is l(-6) composite?
False
Let o = -70 + 138. Suppose 310 + o = 7*r. Let h = r + -5. Is h a composite number?
True
Let z(m) = m**3 + m**2 + 863. Let v be -3 + 6 + (2 + -5 - 0). Is z(v) a composite number?
False
Suppose 3*p - 3*h = 30, -5*p - h + 0*h = -38. Suppose -2*m + p = 2*m. Suppose 3*d - 3*w = 108, 1 = m*w - 1. Is d a composite number?
False
Suppose -55*o + 1864258 + 1560757 = 0. Is o composite?
False
Is (-3 - -7) + 3 + 2*11302 a composite number?
True
Let u be 1 - -1 - 1*(-2 - -5). Is ((-2)/u - (-2545 - -6)) + 2 prime?
True
Is (-236760)/(-136) - 2/(-17) prime?
True
Let d be ((-1948)/(-6))/(-1*(-1)/6). Let p = d - 995. Is p a composite number?
False
Suppose 0 = 4*g + 3*o - 17 - 11, -3*o + 32 = 5*g. Suppose g*w - 7*w = -615. Is w a composite number?
True
Let g = 7 + -13. Let y = -37 + 66. Let f = y + g. Is f composite?
False
Let m(n) = 2*n**2 + 41*n + 22. Is m(-31) prime?
True
Suppose 0 = -n + m + 92, 69 = 5*n - m - 403. Suppose 0 = -4*p + 3*f - 95, -2*p = -3*f + 2*f + 49. Let d = p + n. Is d a prime number?
False
Let d be -2 + (-1)/(1/(-8)). Let l(x) be the second derivative of x**5/20 - x**4/3 - x**3 + 3*x**2/2 - 14*x. Is l(d) a prime number?
False
Suppose 68*m - 71*m = 3*c - 125121, 5*c = -2*m + 83426. Is m a prime number?
False
Let h = -781 + 1358. Is h a prime number?
True
Let n = 14 - 22. Let q = -1 - n. Let k(c) = 3*c**3 - 8*c**2 + c + 9. Is k(q) a composite number?
False
Let c = 25 - 33. Let o(m) = -11*m - 20. Let i be o(c). Suppose -2*v - v - 5*t + i = 0, -2*v + 77 = -3*t. Is v prime?
True
Suppose -1 = -3*k - 4, 3*b = -4*k - 4. Suppose -2*x + b*x = -4. Suppose -x*q = 3*w - 259, -4*w + 0*q + 5*q + 330 = 0. Is w a composite number?
True
Let v(y) = -11*y - 14. Let f be v(-3). Let c(b) = -b**3 + 20*b**2 + 25*b + 3. Is c(f) composite?
False
Suppose 0 = 3*x - 3*c, -c = 5*x + c + 14. Let j(r) = 35*r**2 + 5*r. Let s be j(x). Suppose 13*l - s = 11*l. Is l composite?
True
Let i = 1089 + -463. Let n = 877 - i. Is n a prime number?
True
Suppose 0 = -5*x + 4*z + 25, -6*x + x + 25 = -3*z. Suppose -4*v - 2144 = -x*q - v, q + v - 424 = 0. Is q a composite number?
True
Let t(i) = 0*i + 9*i + 5*i**2 + 0*i**2 - 5 - 3*i. Let x be (-2 - 0)*(4 - 1). Is t(x) a prime number?
True
Let f(q) = -11*q + 2. Let b(h) = -10*h + 2. Let t(a) = 2*b(a) - 3*f(a). Let u(x) = -6*x + 1. Let s(m) = 4*t(m) + 9*u(m). Is s(-6) composite?
False
Let y(u) be the third derivative of u**5/60 - 3*u**3/2 - 6*u**2. Is y(-14) a composite number?
True
Suppose 0 = 5*l + z - 22804, l = -2*l - 2*z + 13681. Is l a prime number?
True
Let i(y) = 74*y**2 - 17*y. Is i(11) composite?
True
Suppose 4*c = 8 + 4. Suppose 5*g = -4*o + 6246, 2*o + c*g = 4*g + 3116. Is o composite?
False
Suppose 3*o - 44588 = -16115. Is o prime?
True
Let h(p) = 1905*p**2 + 7*p - 17. Is h(3) a composite number?
True
Let h = -35 + 56. Let c = 23 - h. Is ((-103)/c)/(7/(-98)) a prime number?
False
Let w(y) be the third derivative of -5*y**4/6 + 5*y**3/2 - 19*y**2 - 1. Let m(j) = 6*j + 1. Let r be m(-1). Is w(r) a prime number?
False
Suppose 25*t - 29*t + 68 = 0. Suppose -t*d = -22*d + 3415. Is d prime?
True
Let w(p) be the first derivative of 45*p**3 + p**2/2 - p - 5. Let u(x) = x + 4. Let v be u(-5). Is w(v) a composite number?
True
Let g be (-2)/3*3 + 1. Let y(r) = r + 7*r**2 + 2*r + 1 - r + 47*r**2. Is y(g) a composite number?
False
Suppose 19*n = 57910 + 28749. Is n a composite number?
False
Let c(m) = 69*m**2 - 17*m + 49. Is c(10) a composite number?
False
Let o = 4447 - -30292. Is o a composite number?
False
Let z = 6018 - -3847. Is z prime?
False
Suppose -98*g + 23181 = -95*g. Is g prime?
True
Is (2 + -91435)*(-31)/31 a composite number?
False
Let g = 1905 + -866. Suppose -4*h - z + 1511 = -558, -g = -2*h - 5*z. Is h composite?
True
Suppose 5*j + 1128 = 8*j. Suppose -2*m + j = 3*m + 4*v, -5*v = 5*m - 375. Suppose 18 = z - 2*r - 12, -4*z - 3*r + m = 0. Is z a composite number?
True
Let r(y) = 7*y**3. Let h be r(1). Let w(a) = a**3 + 9*a**2 + 10. Let d be w(h). Let g = -561 + d. Is g composite?
False
Let k(p) be the second derivative of 7*p**3/2 - 2*p**2 + 8*p. Is k(3) prime?
True
Suppose -x + 5*g = -23, -3*x + 1 = -g + 3*g. Suppose 2*k = -x*k + 2045. Is k a composite number?
False
Let m be (-2)/(-2)*(-1 + 0). Let a be m/6 - 52/(-24). Suppose -3*z + 2*z = -3*k - 136, 3*z = a*k + 387. Is z a prime number?
True
Suppose 3*m = -3*f + 456 + 996, m = -5*f + 480. Suppose 3*t = -733 - m. Let k = -185 - t. Is k prime?
False
Suppose 3 = 5*c + 23, 2*c - 116 = 4*u. Let q = u - -36. Suppose -1255 = -q*n + 7030. Is n a prime number?
True
Suppose 5*w - 24 = 3*r, 3*w - r - 10 = 3*r. Suppose 85*z + 735 = 92*z. Is 8/12*w + z composite?
False
Suppose -j - 8 = -3*g, 2*j + 1 = 4*g - g. Suppose -j*i - 1 = -6*i. Is -1*(1 - -520)*i prime?
True
Suppose t = 4*c + 7466, 5*c + t + 9332 = 2*t. Is c/(-10) - (-10)/25 composite?
True
Let s = -144 - -2989. Is s a prime number?
False
Let r = -4492 - -8323. Is r prime?
False
Let k = 0 - -2. Suppose 3*z + 0*z = 2*r + k, 3*z = 3*r. Is -2 + r + 0 + 203 prime?
False
Suppose -3*f + 2*v - 620 = -6*f, -v = 3*f - 625. Suppose t - f = -t. Suppose 0 = -5*j - 0*w - 4*w + t, 2*j = 4*w + 70. Is j composite?
True
Suppose 3*y = 6*y + 2*s - 20467, -5*s = 5. Is y a prime number?
True
Let m(j) be the first derivative of -146*j**2 + 3*j + 14. Is m(-2) composite?
False
Suppose 0 = 34*n - 35*n + 35. Suppose 2*g - 5*g = -l + n, 0 = -g. Is l composite?
True
Let b(c) = -136*c + 55. Is b(-39) a composite number?
True
Suppose -i - a + 4*a + 582 = 0, i - 4*a = 584. Suppose 0*x = 2*x + i. Let g = 623 + x. Is g prime?
False
Suppose -6 = 2*w + 4, -3 = -2*h - w. Suppose 2*p + 783 = h*u + 7*p, 4*p = -u + 182. Is u a prime number?
False
Suppose 17*n = 5*n + 848364. Is n prime?
False
Is (-129463)/(-4) + (-80)/(-320) a prime number?
False
Suppose 1425 = -0*c - 5*c. Suppose 5*r + 0*i + 5*i = -290, -3*i = -r - 74. Let v = r - c. Is v composite?
False
Let p(h) = -h**2 - 16*h + 15. Let o be p(-16). Is 42352/60 - (-2)/o a composite number?
True
Let j(v) = v**2 + 12*v + 6. Let w be j(-13). Suppose 5*d + 4 - w = 0. Suppose -4*t + 642 = q, -d*t = -2*t - q - 163. Is t prime?
False
Let t be -2 + 0 - (-2 - 151). Let j = t - 88. Let i = -37 + j. Is i a composite number?
True
Suppose 5*w - 5*g - 59330 = 0, -3*w + 6*g = g - 35604. Is w a prime number?
True
Suppose 5*g - 118583 = -4*q, 142305 = 6*g - 17*q + 20*q. Is g composite?
False
Let d be 4/(-2) + (6 - 0) + 0. Suppose 9*v 